{"id":3,"date":"2022-12-01T21:53:07","date_gmt":"2022-12-01T21:53:07","guid":{"rendered":"https:\/\/thurn-und-toxisch.de\/?page_id=3"},"modified":"2022-12-11T13:43:16","modified_gmt":"2022-12-11T12:43:16","slug":"privacy-policy","status":"publish","type":"page","link":"https:\/\/www.thurn-und-toxisch.de\/?page_id=3","title":{"rendered":"Datenschutzerkl\u00e4rung"},"content":{"rendered":"\n<h2 class=\"wp-block-heading\">Wer wir sind<\/h2>\n\n\n\n<p>Unsere Webseite lautet: https:\/\/thurn-und-toxisch.de.<\/p>\n\n\n\n<p>Erarbeitet und betrieben wird die Seite von der DGB-Jugend Oberpfalz.<br>Mehr Informationen finden sich im <a href=\"https:\/\/www.thurn-und-toxisch.de\/?page_id=6\" data-type=\"page\" data-id=\"6\">Impressum<\/a>.<\/p>\n\n\n\n<h2 class=\"wp-block-heading\">Besucher*innenmessung<\/h2>\n\n\n\n<p>Um herauszufinden, wie viele Personen unsere Webseite besuchen, setzen wir ein Analysetool von Matomo ein. Das Tool l\u00e4uft auf unserem Webserver, die gesammelten Daten werden nicht an Dritte weitergegeben. Folgende Daten werden verarbeitet:<\/p>\n\n\n\n<p>&#8211; die IP-Adresse des Nutzers, gek\u00fcrzt um die letzten zwei Bytes (anonymisiert)<\/p>\n\n\n\n<p>&#8211; die aufgerufene Unterseite und Zeitpunkt des Aufrufs<\/p>\n\n\n\n<p>&#8211; die Seite, von der der Nutzer auf unsere Webseite gelangt ist (Referrer)<\/p>\n\n\n\n<p>&#8211; welcher Browser mit welchen Plugins, welches Betriebssystem und welche Bildschirmaufl\u00f6sung genutzt wird<\/p>\n\n\n\n<p>&#8211; die Verweildauer auf der Website<\/p>\n\n\n\n<p>&#8211; die Seiten, die von der aufgerufenen Unterseite aus angesteuert werden<\/p>\n\n\n\n<p>Wir ben\u00f6tigen die Daten, um das Surfverhalten der Nutzer zu analysieren und Informationen \u00fcber Nutzung der einzelnen Komponenten der Website zu erhalten. Das erm\u00f6glicht uns, die Website und ihre Nutzerfreundlichkeit stetig zu optimieren. In diesen Zwecken liegt unser berechtigtes Interesse nach Art. 6 Abs. 1 lit. f DSGVO begr\u00fcndet. Durch die Anonymisierung der IP-Adresse tragen wir dem Interesse der Nutzer am Schutz personenbezogener Daten Rechnung. Die Daten werden nie dazu genutzt, den Nutzer der Website pers\u00f6nlich zu identifizieren und werden nicht mit anderen Daten zusammengef\u00fchrt.<\/p>\n\n\n\n<h3 class=\"wp-block-heading\">Widerspruchsm\u00f6glichkeit<\/h3>\n\n\n\n<p>Ist in deinen Browsereinstellungen &#8222;Do not Track&#8220; aktiviert, wird unser Analysetool automatisch keine Daten \u00fcber deinen Besuch speichern. Alternativ ist \u00fcber folgende Funktion ein manueller Widerspruch m\u00f6glich. Um den Widerspruch verarbeiten zu k\u00f6nnen, wird dann ein daf\u00fcr technisch notwendiger Cookie gesetzt:<\/p>\n\n\n\n<p><code><p id=\"matomo_opted_out_intro\" style=\"display:none;\">Opt-out complete; your visits to this website will not be recorded by the Web Analytics tool. Note that if you clear your cookies, delete the opt-out cookie, or if you change computers or Web browsers, you will need to perform the opt-out procedure again.<\/p><p id=\"matomo_opted_in_intro\" >You may choose to prevent this website from aggregating and analyzing the actions you take here. Doing so will protect your privacy, but will also prevent the owner from learning from your actions and creating a better experience for you and other users.<\/p><form>\n        <input type=\"checkbox\" id=\"matomo_optout_checkbox\" checked=\"checked\"\/>\n        <label for=\"matomo_optout_checkbox\"><strong>\n        <span id=\"matomo_opted_in_label\" >You are not opted out. Uncheck this box to opt-out.<\/span>\n\t\t<span id=\"matomo_opted_out_label\" style=\"display:none;\">You are currently opted out. Check this box to opt-in.<\/span>\n        <\/strong><\/label><\/form><noscript><p><strong style=\"color: #ff0000;\">This opt out feature requires JavaScript.<\/strong><\/p><\/noscript><p id=\"matomo_outout_err_cookies\" style=\"display: none;\"><strong>The tracking opt-out feature requires cookies to be enabled.<\/strong><\/p><\/code><\/p>\n\n\n\n<h2 class=\"wp-block-heading\">Kommentare<\/h2>\n\n\n\n<p>Wenn Besucher*innen Kommentare auf der Website schreiben, sammeln wir die Daten, die im Kommentar-Formular angezeigt werden, au\u00dferdem die IP-Adresse des*der Besuchenden und den User-Agent-String (damit wird der Browser identifiziert), um die Erkennung von Spam zu unterst\u00fctzen.<\/p>\n\n\n\n<h2 class=\"wp-block-heading\">Medien<\/h2>\n\n\n\n<p>Wenn du ein* registrierte*r Benutzer*in bist und Fotos auf diese Website l\u00e4dst, solltest du vermeiden, Fotos mit einem EXIF-GPS-Standort hochzuladen. Besucher dieser Website k\u00f6nnten Fotos, die auf dieser Website gespeichert sind, herunterladen und deren Standort-Informationen extrahieren.<\/p>\n\n\n\n<h2 class=\"wp-block-heading\">Cookies<\/h2>\n\n\n\n<p>Wenn du einen Kommentar auf unserer Website schreibst, kann das eine Einwilligung sein, deinen Namen, E-Mail-Adresse und Website in Cookies zu speichern. Dies ist eine Komfortfunktion, damit du nicht, wenn du einen weiteren Kommentar schreibst, all diese Daten erneut eingeben musst. Diese Cookies werden ein Jahr lang gespeichert.<\/p>\n\n\n\n<p>Falls du ein Konto hast und dich auf dieser Website anmeldest, werden wir ein tempor\u00e4res Cookie setzen, um festzustellen, ob dein Browser Cookies akzeptiert. Dieses Cookie enth\u00e4lt keine personenbezogenen Daten und wird verworfen, wenn du deinen Browser schlie\u00dft.<\/p>\n\n\n\n<p>Wenn du dich anmeldest, werden wir einige Cookies einrichten, um deine Anmeldeinformationen und Anzeigeoptionen zu speichern. Anmelde-Cookies verfallen nach zwei Tagen und Cookies f\u00fcr die Anzeigeoptionen nach einem Jahr. Falls du bei der Anmeldung \u201eAngemeldet bleiben\u201c ausw\u00e4hlst, wird deine Anmeldung zwei Wochen lang aufrechterhalten. Mit der Abmeldung aus deinem Konto werden die Anmelde-Cookies gel\u00f6scht.<\/p>\n\n\n\n<p>Wenn du einen Artikel bearbeitest oder ver\u00f6ffentlichst, wird ein zus\u00e4tzlicher Cookie in deinem Browser gespeichert. Dieser Cookie enth\u00e4lt keine personenbezogenen Daten und verweist nur auf die Beitrags-ID des Artikels, den du gerade bearbeitet hast. Der Cookie verf\u00e4llt nach einem Tag.<\/p>\n\n\n\n<h2 class=\"wp-block-heading\">Mit wem wir Deine Daten teilen<\/h2>\n\n\n\n<p>Wenn du eine Zur\u00fccksetzung des Passworts beantragst, wird deine IP-Adresse in der E-Mail zur Zur\u00fccksetzung enthalten sein.<\/p>\n\n\n\n<h2 class=\"wp-block-heading\">Wie lange wir Deine Daten speichern<\/h2>\n\n\n\n<p>Wenn du einen Kommentar schreibst, wird dieser inklusive Metadaten zeitlich unbegrenzt gespeichert. Auf diese Art k\u00f6nnen wir Folgekommentare automatisch erkennen und freigeben, anstatt sie in einer Moderations-Warteschlange festzuhalten.<\/p>\n\n\n\n<p>F\u00fcr Benutzer*innen, die sich auf unserer Website registrieren, speichern wir zus\u00e4tzlich die pers\u00f6nlichen Informationen, die sie in ihren Benutzerprofilen angeben. Alle Benutzer*innen k\u00f6nnen jederzeit ihre pers\u00f6nlichen Informationen einsehen, ver\u00e4ndern oder l\u00f6schen (der Benutzername kann nicht ver\u00e4ndert werden). Administratoren der Website k\u00f6nnen diese Informationen ebenfalls einsehen und ver\u00e4ndern.<\/p>\n\n\n\n<h2 class=\"wp-block-heading\">Welche Rechte Du an Deinen Daten hast<\/h2>\n\n\n\n<p>Wenn du ein Konto auf dieser Website besitzt oder Kommentare geschrieben hast, kannst du einen Export deiner personenbezogenen Daten bei uns anfordern, inklusive aller Daten, die du uns mitgeteilt hast. Dar\u00fcber hinaus kannst du die L\u00f6schung aller personenbezogenen Daten, die wir von dir gespeichert haben, anfordern. Wende Dich dazu an die im <a href=\"https:\/\/www.thurn-und-toxisch.de\/?page_id=6\" data-type=\"page\" data-id=\"6\">Impressum<\/a> angegebenen Kontaktdaten. Dies umfasst nicht die Daten, die wir aufgrund administrativer, rechtlicher oder sicherheitsrelevanter Notwendigkeiten aufbewahren m\u00fcssen.<\/p>\n\n\n\n<h2 class=\"wp-block-heading\">Wohin Deine Daten gesendet werden<\/h2>\n\n\n\n<p>Besucher*innen-Kommentare k\u00f6nnten von einem automatisierten Dienst zur Spam-Erkennung untersucht werden.<\/p>\n","protected":false},"excerpt":{"rendered":"<p>Wer wir sind Unsere Webseite lautet: https:\/\/thurn-und-toxisch.de. Erarbeitet und betrieben wird die Seite von der DGB-Jugend Oberpfalz.Mehr Informationen finden sich im Impressum. Besucher*innenmessung Um herauszufinden, wie viele Personen unsere Webseite besuchen, setzen wir ein Analysetool von Matomo ein. Das Tool l\u00e4uft auf unserem Webserver, die gesammelten Daten werden nicht an Dritte weitergegeben. Folgende Daten werden&hellip; <a class=\"more-link\" href=\"https:\/\/www.thurn-und-toxisch.de\/?page_id=3\"><span class=\"screen-reader-text\">Datenschutzerkl\u00e4rung<\/span> weiterlesen<\/a><\/p>\n","protected":false},"author":1,"featured_media":0,"parent":0,"menu_order":0,"comment_status":"closed","ping_status":"open","template":"","meta":{"footnotes":""},"class_list":["post-3","page","type-page","status-publish","hentry","entry"],"_links":{"self":[{"href":"https:\/\/www.thurn-und-toxisch.de\/index.php?rest_route=\/wp\/v2\/pages\/3","targetHints":{"allow":["GET"]}}],"collection":[{"href":"https:\/\/www.thurn-und-toxisch.de\/index.php?rest_route=\/wp\/v2\/pages"}],"about":[{"href":"https:\/\/www.thurn-und-toxisch.de\/index.php?rest_route=\/wp\/v2\/types\/page"}],"author":[{"embeddable":true,"href":"https:\/\/www.thurn-und-toxisch.de\/index.php?rest_route=\/wp\/v2\/users\/1"}],"replies":[{"embeddable":true,"href":"https:\/\/www.thurn-und-toxisch.de\/index.php?rest_route=%2Fwp%2Fv2%2Fcomments&post=3"}],"version-history":[{"count":4,"href":"https:\/\/www.thurn-und-toxisch.de\/index.php?rest_route=\/wp\/v2\/pages\/3\/revisions"}],"predecessor-version":[{"id":33,"href":"https:\/\/www.thurn-und-toxisch.de\/index.php?rest_route=\/wp\/v2\/pages\/3\/revisions\/33"}],"wp:attachment":[{"href":"https:\/\/www.thurn-und-toxisch.de\/index.php?rest_route=%2Fwp%2Fv2%2Fmedia&parent=3"}],"curies":[{"name":"wp","href":"https:\/\/api.w.org\/{rel}","templated":true}]}}